{"id":101,"date":"2021-02-27T12:56:22","date_gmt":"2021-02-27T12:56:22","guid":{"rendered":"https:\/\/tenerifetrip.com\/fr2\/?page_id=101"},"modified":"2026-03-09T17:14:55","modified_gmt":"2026-03-09T16:14:55","slug":"tenerife-het-eiland-van-de-eeuwige-lente","status":"publish","type":"page","link":"https:\/\/tenerifetrip.com\/fr2\/tenerife-het-eiland-van-de-eeuwige-lente\/","title":{"rendered":"Tenerife"},"content":{"rendered":"\t\t<div data-elementor-type=\"wp-page\" data-elementor-id=\"101\" class=\"elementor elementor-101\">\n\t\t\t\t\t\t<section class=\"elementor-section elementor-top-section elementor-element elementor-element-6ebc644d elementor-section-boxed elementor-section-height-default elementor-section-height-default\" data-id=\"6ebc644d\" data-element_type=\"section\" data-e-type=\"section\">\n\t\t\t\t\t\t<div class=\"elementor-container elementor-column-gap-default\">\n\t\t\t\t\t\t<\/div>\n\t\t<\/section>\n\t\t\t\t<section class=\"elementor-section elementor-top-section elementor-element elementor-element-d215484 elementor-section-boxed elementor-section-height-default elementor-section-height-default\" data-id=\"d215484\" data-element_type=\"section\" data-e-type=\"section\">\n\t\t\t\t\t\t<div class=\"elementor-container elementor-column-gap-default\">\n\t\t\t\t\t<div class=\"elementor-column elementor-col-50 elementor-top-column elementor-element elementor-element-410a10b7\" data-id=\"410a10b7\" data-element_type=\"column\" data-e-type=\"column\">\n\t\t\t<div class=\"elementor-widget-wrap elementor-element-populated\">\n\t\t\t\t\t\t<div class=\"elementor-element elementor-element-1bf3e68e elementor-widget elementor-widget-text-editor\" data-id=\"1bf3e68e\" data-element_type=\"widget\" data-e-type=\"widget\" data-widget_type=\"text-editor.default\">\n\t\t\t\t<div class=\"elementor-widget-container\">\n\t\t\t\t\t\t\t\t\t<p><\/p>\n<p><span style=\"text-decoration: underline;\"><strong>Tenerife l&rsquo;\u00eele du printemps \u00e9ternel<\/strong><\/span><\/p>\n<p><\/p>\n<p>L&rsquo;\u00eele de Tenerife appartient aux \u00eeles Canaries. Cet archipel est la destination touristique la plus populaire d&rsquo;Espagne. Cela est principalement d\u00fb au climat merveilleusement doux qui y r\u00e8gne. L&#8217;emplacement \u00e0 plus de mille kilom\u00e8tres au sud-ouest du continent espagnol signifie que le temps \u00e0 Tenerife est influenc\u00e9 par le temps au-dessus du continent africain.<\/p>\n<p><\/p>\n<p><\/p>\t\t\t\t\t\t\t\t<\/div>\n\t\t\t\t<\/div>\n\t\t\t\t\t<\/div>\n\t\t<\/div>\n\t\t\t\t<div class=\"elementor-column elementor-col-50 elementor-top-column elementor-element elementor-element-099d0d6\" data-id=\"099d0d6\" data-element_type=\"column\" data-e-type=\"column\">\n\t\t\t<div class=\"elementor-widget-wrap elementor-element-populated\">\n\t\t\t\t\t\t<div class=\"elementor-element elementor-element-aa7c3d8 elementor-widget elementor-widget-image\" data-id=\"aa7c3d8\" data-element_type=\"widget\" data-e-type=\"widget\" data-widget_type=\"image.default\">\n\t\t\t\t<div class=\"elementor-widget-container\">\n\t\t\t\t\t\t\t\t\t\t\t\t\t\t\t<img decoding=\"async\" src=\"https:\/\/tenerifetrip.com\/fr2\/wp-content\/uploads\/2021\/03\/20210225_184300735_iOS.jpg\" title=\"\" alt=\"\" loading=\"lazy\" \/>\t\t\t\t\t\t\t\t\t\t\t\t\t\t\t<\/div>\n\t\t\t\t<\/div>\n\t\t\t\t\t<\/div>\n\t\t<\/div>\n\t\t\t\t\t<\/div>\n\t\t<\/section>\n\t\t\t\t<section class=\"elementor-section elementor-top-section elementor-element elementor-element-8b13ec3 elementor-section-boxed elementor-section-height-default elementor-section-height-default\" data-id=\"8b13ec3\" data-element_type=\"section\" data-e-type=\"section\">\n\t\t\t\t\t\t<div class=\"elementor-container elementor-column-gap-extended\">\n\t\t\t\t\t<div class=\"elementor-column elementor-col-50 elementor-top-column elementor-element elementor-element-2f605a1\" data-id=\"2f605a1\" data-element_type=\"column\" data-e-type=\"column\">\n\t\t\t<div class=\"elementor-widget-wrap elementor-element-populated\">\n\t\t\t\t\t\t<div class=\"elementor-element elementor-element-367858b elementor-widget elementor-widget-image\" data-id=\"367858b\" data-element_type=\"widget\" data-e-type=\"widget\" data-widget_type=\"image.default\">\n\t\t\t\t<div class=\"elementor-widget-container\">\n\t\t\t\t\t\t\t\t\t\t\t\t\t\t\t<img decoding=\"async\" src=\"https:\/\/tenerifetrip.com\/fr2\/wp-content\/uploads\/2021\/03\/20210225_184313224_iOS.jpg\" title=\"\" alt=\"\" loading=\"lazy\" \/>\t\t\t\t\t\t\t\t\t\t\t\t\t\t\t<\/div>\n\t\t\t\t<\/div>\n\t\t\t\t\t<\/div>\n\t\t<\/div>\n\t\t\t\t<div class=\"elementor-column elementor-col-50 elementor-top-column elementor-element elementor-element-aa04291\" data-id=\"aa04291\" data-element_type=\"column\" data-e-type=\"column\">\n\t\t\t<div class=\"elementor-widget-wrap elementor-element-populated\">\n\t\t\t\t\t\t<div class=\"elementor-element elementor-element-1c1640c elementor-widget elementor-widget-text-editor\" data-id=\"1c1640c\" data-element_type=\"widget\" data-e-type=\"widget\" data-widget_type=\"text-editor.default\">\n\t\t\t\t<div class=\"elementor-widget-container\">\n\t\t\t\t\t\t\t\t\t<section class=\"av_textblock_section \">\n<div class=\"avia_textblock  \">\n<section class=\"av_textblock_section \">\n<div class=\"avia_textblock  \">\n<p>Le temps est magnifique, c&rsquo;est pourquoi la plus grande \u00eele du groupe des \u00eeles Canaries a gagn\u00e9 la r\u00e9putation de l&rsquo;un des meilleurs points chauds de 2\u00e8me s\u00e9jour.<\/p>\n<p>Dans le sud de Tenerife, le soleil brille en moyenne 350 jours par an, beaucoup plus que dans la plupart des autres endroits du monde. Ici, vous pouvez vous asseoir, vous d\u00e9tendre et profiter du climat doux et ensoleill\u00e9.<\/p>\n<p><span style=\"font-size: 14px; letter-spacing: 0px;\">.<\/span><\/p>\n<\/div>\n<\/section>\n<div class=\"hr hr-invisible   avia-builder-el-31  el_after_av_textblock  el_before_av_image \">\u00a0<\/div>\n<div class=\"avia-image-container  av-styling-no-styling    avia-builder-el-32  el_after_av_hr  el_before_av_textblock  avia-align-center \">\n<div class=\"avia-image-container-inner\">\n<div class=\"avia-image-overlay-wrap\"><img decoding=\"async\" class=\"wp-image-38 avia-img-lazy-loading-not-38 avia_image\" title=\"temperaturen-tenerife\" src=\"https:\/\/www.hurenappartementtenerife.be\/wp-content\/uploads\/2020\/10\/temperaturen-tenerife.jpg\" alt=\"\" width=\"299\" height=\"114\" \/><\/div>\n<\/div>\n<\/div>\n<section class=\"av_textblock_section \">\n<div class=\"avia_textblock  \">\n<p>\u00a0<\/p>\n<p>Temp\u00e9rature moyenne quotidienne (C\u00ba)<\/p>\n<\/div>\n<\/section>\n<\/div>\n<\/section>\t\t\t\t\t\t\t\t<\/div>\n\t\t\t\t<\/div>\n\t\t\t\t\t<\/div>\n\t\t<\/div>\n\t\t\t\t\t<\/div>\n\t\t<\/section>\n\t\t\t\t<\/div>\n\t\t","protected":false},"excerpt":{"rendered":"<p>Tenerife l&rsquo;\u00eele du printemps \u00e9ternel L&rsquo;\u00eele de Tenerife appartient aux \u00eeles Canaries. Cet archipel est la destination touristique la plus populaire d&rsquo;Espagne. Cela est principalement d\u00fb au climat merveilleusement doux qui y r\u00e8gne. L&#8217;emplacement \u00e0 plus de mille kilom\u00e8tres au sud-ouest du continent espagnol signifie que le temps \u00e0 Tenerife est influenc\u00e9 par le temps <a class=\"read-more\" href=\"https:\/\/tenerifetrip.com\/fr2\/tenerife-het-eiland-van-de-eeuwige-lente\/\">READ MORE<\/a><\/p>\n","protected":false},"author":1,"featured_media":0,"parent":0,"menu_order":0,"comment_status":"closed","ping_status":"closed","template":"","meta":{"footnotes":""},"class_list":["post-101","page","type-page","status-publish","hentry"],"_links":{"self":[{"href":"https:\/\/tenerifetrip.com\/fr2\/wp-json\/wp\/v2\/pages\/101","targetHints":{"allow":["GET"]}}],"collection":[{"href":"https:\/\/tenerifetrip.com\/fr2\/wp-json\/wp\/v2\/pages"}],"about":[{"href":"https:\/\/tenerifetrip.com\/fr2\/wp-json\/wp\/v2\/types\/page"}],"author":[{"embeddable":true,"href":"https:\/\/tenerifetrip.com\/fr2\/wp-json\/wp\/v2\/users\/1"}],"replies":[{"embeddable":true,"href":"https:\/\/tenerifetrip.com\/fr2\/wp-json\/wp\/v2\/comments?post=101"}],"version-history":[{"count":36,"href":"https:\/\/tenerifetrip.com\/fr2\/wp-json\/wp\/v2\/pages\/101\/revisions"}],"predecessor-version":[{"id":627,"href":"https:\/\/tenerifetrip.com\/fr2\/wp-json\/wp\/v2\/pages\/101\/revisions\/627"}],"wp:attachment":[{"href":"https:\/\/tenerifetrip.com\/fr2\/wp-json\/wp\/v2\/media?parent=101"}],"curies":[{"name":"wp","href":"https:\/\/api.w.org\/{rel}","templated":true}]}}

<div data-elementor-type="wp-page" data-elementor-id="101" class="elementor elementor-101">
						<section class="elementor-section elementor-top-section elementor-element elementor-element-6ebc644d elementor-section-boxed elementor-section-height-default elementor-section-height-default" data-id="6ebc644d" data-element_type="section" data-e-type="section">
						<div class="elementor-container elementor-column-gap-default">
						</div>
		</section>
				<section class="elementor-section elementor-top-section elementor-element elementor-element-d215484 elementor-section-boxed elementor-section-height-default elementor-section-height-default" data-id="d215484" data-element_type="section" data-e-type="section">
						<div class="elementor-container elementor-column-gap-default">
					<div class="elementor-column elementor-col-50 elementor-top-column elementor-element elementor-element-410a10b7" data-id="410a10b7" data-element_type="column" data-e-type="column">
			<div class="elementor-widget-wrap elementor-element-populated">
						<div class="elementor-element elementor-element-1bf3e68e elementor-widget elementor-widget-text-editor" data-id="1bf3e68e" data-element_type="widget" data-e-type="widget" data-widget_type="text-editor.default">
				<div class="elementor-widget-container">
									<p></p>
<p><span style="text-decoration: underline;"><strong>Tenerife l&rsquo;île du printemps éternel</strong></span></p>
<p></p>
<p>L&rsquo;île de Tenerife appartient aux îles Canaries. Cet archipel est la destination touristique la plus populaire d&rsquo;Espagne. Cela est principalement dû au climat merveilleusement doux qui y règne. L&#8217;emplacement à plus de mille kilomètres au sud-ouest du continent espagnol signifie que le temps à Tenerife est influencé par le temps au-dessus du continent africain.</p>
<p></p>
<p></p>								</div>
				</div>
					</div>
		</div>
				<div class="elementor-column elementor-col-50 elementor-top-column elementor-element elementor-element-099d0d6" data-id="099d0d6" data-element_type="column" data-e-type="column">
			<div class="elementor-widget-wrap elementor-element-populated">
						<div class="elementor-element elementor-element-aa7c3d8 elementor-widget elementor-widget-image" data-id="aa7c3d8" data-element_type="widget" data-e-type="widget" data-widget_type="image.default">
				<div class="elementor-widget-container">
															<img decoding="async" src="https://tenerifetrip.com/fr2/wp-content/uploads/2021/03/20210225_184300735_iOS.jpg" title="" alt="" loading="lazy" />															</div>
				</div>
					</div>
		</div>
					</div>
		</section>
				<section class="elementor-section elementor-top-section elementor-element elementor-element-8b13ec3 elementor-section-boxed elementor-section-height-default elementor-section-height-default" data-id="8b13ec3" data-element_type="section" data-e-type="section">
						<div class="elementor-container elementor-column-gap-extended">
					<div class="elementor-column elementor-col-50 elementor-top-column elementor-element elementor-element-2f605a1" data-id="2f605a1" data-element_type="column" data-e-type="column">
			<div class="elementor-widget-wrap elementor-element-populated">
						<div class="elementor-element elementor-element-367858b elementor-widget elementor-widget-image" data-id="367858b" data-element_type="widget" data-e-type="widget" data-widget_type="image.default">
				<div class="elementor-widget-container">
															<img decoding="async" src="https://tenerifetrip.com/fr2/wp-content/uploads/2021/03/20210225_184313224_iOS.jpg" title="" alt="" loading="lazy" />															</div>
				</div>
					</div>
		</div>
				<div class="elementor-column elementor-col-50 elementor-top-column elementor-element elementor-element-aa04291" data-id="aa04291" data-element_type="column" data-e-type="column">
			<div class="elementor-widget-wrap elementor-element-populated">
						<div class="elementor-element elementor-element-1c1640c elementor-widget elementor-widget-text-editor" data-id="1c1640c" data-element_type="widget" data-e-type="widget" data-widget_type="text-editor.default">
				<div class="elementor-widget-container">
									<section class="av_textblock_section ">
<div class="avia_textblock  ">
<section class="av_textblock_section ">
<div class="avia_textblock  ">
<p>Le temps est magnifique, c&rsquo;est pourquoi la plus grande île du groupe des îles Canaries a gagné la réputation de l&rsquo;un des meilleurs points chauds de 2ème séjour.</p>
<p>Dans le sud de Tenerife, le soleil brille en moyenne 350 jours par an, beaucoup plus que dans la plupart des autres endroits du monde. Ici, vous pouvez vous asseoir, vous détendre et profiter du climat doux et ensoleillé.</p>
<p><span style="font-size: 14px; letter-spacing: 0px;">.</span></p>
</div>
</section>
<div class="hr hr-invisible   avia-builder-el-31  el_after_av_textblock  el_before_av_image "> </div>
<div class="avia-image-container  av-styling-no-styling    avia-builder-el-32  el_after_av_hr  el_before_av_textblock  avia-align-center ">
<div class="avia-image-container-inner">
<div class="avia-image-overlay-wrap"><img decoding="async" class="wp-image-38 avia-img-lazy-loading-not-38 avia_image" title="temperaturen-tenerife" src="https://www.hurenappartementtenerife.be/wp-content/uploads/2020/10/temperaturen-tenerife.jpg" alt="" width="299" height="114" /></div>
</div>
</div>
<section class="av_textblock_section ">
<div class="avia_textblock  ">
<p> </p>
<p>Température moyenne quotidienne (Cº)</p>
</div>
</section>
</div>
</section>								</div>
				</div>
					</div>
		</div>
					</div>
		</section>
				</div>

<p>Tenerife l&rsquo;île du printemps éternel L&rsquo;île de Tenerife appartient aux îles Canaries. Cet archipel est la destination touristique la plus populaire d&rsquo;Espagne. Cela est principalement dû au climat merveilleusement doux qui y règne. L&#8217;emplacement à plus de mille kilomètres au sud-ouest du continent espagnol signifie que le temps à Tenerife est influencé par le temps <a class="read-more" href="https://tenerifetrip.com/fr2/tenerife-het-eiland-van-de-eeuwige-lente/">READ MORE</a></p>
