{"id":148,"date":"2021-03-01T09:11:32","date_gmt":"2021-03-01T09:11:32","guid":{"rendered":"https:\/\/tenerifetrip.com\/fr2\/?page_id=148"},"modified":"2026-04-07T14:59:37","modified_gmt":"2026-04-07T12:59:37","slug":"appartement","status":"publish","type":"page","link":"https:\/\/tenerifetrip.com\/fr2\/","title":{"rendered":"Home"},"content":{"rendered":"\t\t<div data-elementor-type=\"wp-page\" data-elementor-id=\"148\" class=\"elementor elementor-148\">\n\t\t\t\t\t\t<section class=\"elementor-section elementor-top-section elementor-element elementor-element-da4cdf3 elementor-section-boxed elementor-section-height-default elementor-section-height-default\" data-id=\"da4cdf3\" data-element_type=\"section\" data-e-type=\"section\">\n\t\t\t\t\t\t<div class=\"elementor-container elementor-column-gap-default\">\n\t\t\t\t\t<div class=\"elementor-column elementor-col-100 elementor-top-column elementor-element elementor-element-6284ec7\" data-id=\"6284ec7\" data-element_type=\"column\" data-e-type=\"column\">\n\t\t\t<div class=\"elementor-widget-wrap elementor-element-populated\">\n\t\t\t\t\t\t<div class=\"elementor-element elementor-element-bc6a33b elementor-widget elementor-widget-video\" data-id=\"bc6a33b\" data-element_type=\"widget\" data-e-type=\"widget\" data-settings=\"{&quot;autoplay&quot;:&quot;yes&quot;,&quot;video_type&quot;:&quot;hosted&quot;,&quot;play_on_mobile&quot;:&quot;yes&quot;,&quot;controls&quot;:&quot;yes&quot;}\" data-widget_type=\"video.default\">\n\t\t\t\t<div class=\"elementor-widget-container\">\n\t\t\t\t\t\t\t<div class=\"e-hosted-video elementor-wrapper elementor-open-inline\">\n\t\t\t\t\t<video class=\"elementor-video\" src=\"https:\/\/tenerifetrip.com\/fr2\/wp-content\/uploads\/sites\/7\/2026\/04\/Palm-Mar-Paraiso-1.mp4\" autoplay=\"\" controls=\"\" playsinline=\"\" controlsList=\"nodownload\" poster=\"https:\/\/tenerifetrip.com\/fr2\/wp-content\/uploads\/sites\/7\/2026\/03\/E20-2.png\"><\/video>\n\t\t\t\t<\/div>\n\t\t\t\t\t\t<\/div>\n\t\t\t\t<\/div>\n\t\t\t\t\t<\/div>\n\t\t<\/div>\n\t\t\t\t\t<\/div>\n\t\t<\/section>\n\t\t\t\t<section class=\"elementor-section elementor-top-section elementor-element elementor-element-5c6b85c elementor-section-boxed elementor-section-height-default elementor-section-height-default\" data-id=\"5c6b85c\" data-element_type=\"section\" data-e-type=\"section\">\n\t\t\t\t\t\t<div class=\"elementor-container elementor-column-gap-default\">\n\t\t\t\t\t<div class=\"elementor-column elementor-col-50 elementor-top-column elementor-element elementor-element-33d61f2\" data-id=\"33d61f2\" data-element_type=\"column\" data-e-type=\"column\">\n\t\t\t<div class=\"elementor-widget-wrap elementor-element-populated\">\n\t\t\t\t\t\t<div class=\"elementor-element elementor-element-4f506ae elementor-widget elementor-widget-text-editor\" data-id=\"4f506ae\" data-element_type=\"widget\" data-e-type=\"widget\" data-widget_type=\"text-editor.default\">\n\t\t\t\t<div class=\"elementor-widget-container\">\n\t\t\t\t\t\t\t\t\t<p>L&rsquo;appartement est situ\u00e9 dans <strong>le complexe Paraiso del Palm Mar<\/strong> au milieu d&rsquo;une <strong>oasis de jardins subtropicaux<\/strong> et de <strong>belles piscines.<\/strong><br>Les espaces de vie a\u00e9r\u00e9s et ensoleill\u00e9s sont d\u00e9cor\u00e9s avec des <strong>couleurs basiques douces<\/strong> et des touches contemporaines, vous pouvez profiter <strong>d&rsquo;un design intemporel<\/strong><\/p>\t\t\t\t\t\t\t\t<\/div>\n\t\t\t\t<\/div>\n\t\t\t\t\t<\/div>\n\t\t<\/div>\n\t\t\t\t<div class=\"elementor-column elementor-col-50 elementor-top-column elementor-element elementor-element-08985ac\" data-id=\"08985ac\" data-element_type=\"column\" data-e-type=\"column\">\n\t\t\t<div class=\"elementor-widget-wrap elementor-element-populated\">\n\t\t\t\t\t\t<div class=\"elementor-element elementor-element-bfedb47 elementor-widget elementor-widget-image\" data-id=\"bfedb47\" data-element_type=\"widget\" data-e-type=\"widget\" data-widget_type=\"image.default\">\n\t\t\t\t<div class=\"elementor-widget-container\">\n\t\t\t\t\t\t\t\t\t\t\t\t\t\t\t<img fetchpriority=\"high\" decoding=\"async\" width=\"300\" height=\"200\" src=\"https:\/\/tenerifetrip.com\/fr2\/wp-content\/uploads\/sites\/7\/2026\/03\/E20-1-300x200.png\" class=\"attachment-medium size-medium wp-image-594\" alt=\"\" srcset=\"https:\/\/tenerifetrip.com\/fr2\/wp-content\/uploads\/sites\/7\/2026\/03\/E20-1-300x200.png 300w, https:\/\/tenerifetrip.com\/fr2\/wp-content\/uploads\/sites\/7\/2026\/03\/E20-1-1024x683.png 1024w, https:\/\/tenerifetrip.com\/fr2\/wp-content\/uploads\/sites\/7\/2026\/03\/E20-1-768x512.png 768w, https:\/\/tenerifetrip.com\/fr2\/wp-content\/uploads\/sites\/7\/2026\/03\/E20-1-272x182.png 272w, https:\/\/tenerifetrip.com\/fr2\/wp-content\/uploads\/sites\/7\/2026\/03\/E20-1.png 1536w\" sizes=\"(max-width: 300px) 100vw, 300px\" \/>\t\t\t\t\t\t\t\t\t\t\t\t\t\t\t<\/div>\n\t\t\t\t<\/div>\n\t\t\t\t\t<\/div>\n\t\t<\/div>\n\t\t\t\t\t<\/div>\n\t\t<\/section>\n\t\t\t\t<section class=\"elementor-section elementor-top-section elementor-element elementor-element-b11f574 elementor-section-boxed elementor-section-height-default elementor-section-height-default\" data-id=\"b11f574\" data-element_type=\"section\" data-e-type=\"section\">\n\t\t\t\t\t\t<div class=\"elementor-container elementor-column-gap-default\">\n\t\t\t\t\t<div class=\"elementor-column elementor-col-33 elementor-top-column elementor-element elementor-element-61ad478\" data-id=\"61ad478\" data-element_type=\"column\" data-e-type=\"column\">\n\t\t\t<div class=\"elementor-widget-wrap elementor-element-populated\">\n\t\t\t\t\t\t<div class=\"elementor-element elementor-element-afb44fc elementor-widget elementor-widget-text-editor\" data-id=\"afb44fc\" data-element_type=\"widget\" data-e-type=\"widget\" data-widget_type=\"text-editor.default\">\n\t\t\t\t<div class=\"elementor-widget-container\">\n\t\t\t\t\t\t\t\t\t<p><span style=\"font-size: 14px;\">L&rsquo;appartement est<b> tr\u00e8s confortable<\/b> avec toutes les commodit\u00e9s modernes, <b>climatisation partout<\/b>, <b>sol en marbre<\/b> dans tout l&rsquo;appartement et trois terrasses :<\/span><\/p>\n<p><ul><li><span style=\"font-size: 14px; color: var( --e-global-color-text ); letter-spacing: 0px;\">Une terrasse ensoleill\u00e9e de 45 m2 <b>avec une superbe vue sur la mer (La Gomera, Los Christianos, Las Americas et le parc naturel \u00ab\u00a0Mal Pais de la Rasca\u00a0\u00bb.<\/b> Il est merveilleux de se d\u00e9tendre sur cette terrasse, bien s\u00fbr elle est \u00e9quip\u00e9e d&rsquo;un grand salon et 2 chaises longues Ici,<b> vous pourrez profiter du soleil.<\/b><\/span><\/li><li><span style=\"font-size: 14px;\">Une terrasse devant l&rsquo;espace de vie de 15 m2 avec table et 4 chaises, avec la m\u00eame vue que la terrasse ensoleill\u00e9e<\/span><\/li><li><span style=\"font-size: 14px;\">Un<b>e<\/b> petite terrasse couverte de 6 m2<\/span><\/li><\/ul><\/p>\t\t\t\t\t\t\t\t<\/div>\n\t\t\t\t<\/div>\n\t\t\t\t\t<\/div>\n\t\t<\/div>\n\t\t\t\t<div class=\"elementor-column elementor-col-66 elementor-top-column elementor-element elementor-element-2dedf9f\" data-id=\"2dedf9f\" data-element_type=\"column\" data-e-type=\"column\">\n\t\t\t<div class=\"elementor-widget-wrap elementor-element-populated\">\n\t\t\t\t\t\t<div class=\"elementor-element elementor-element-df37e6b elementor-widget elementor-widget-image\" data-id=\"df37e6b\" data-element_type=\"widget\" data-e-type=\"widget\" data-widget_type=\"image.default\">\n\t\t\t\t<div class=\"elementor-widget-container\">\n\t\t\t\t\t\t\t\t\t\t\t\t\t\t\t<img decoding=\"async\" width=\"300\" height=\"200\" src=\"https:\/\/tenerifetrip.com\/fr2\/wp-content\/uploads\/sites\/7\/2026\/03\/E20-2-300x200.png\" class=\"attachment-medium size-medium wp-image-595\" alt=\"\" srcset=\"https:\/\/tenerifetrip.com\/fr2\/wp-content\/uploads\/sites\/7\/2026\/03\/E20-2-300x200.png 300w, https:\/\/tenerifetrip.com\/fr2\/wp-content\/uploads\/sites\/7\/2026\/03\/E20-2-1024x683.png 1024w, https:\/\/tenerifetrip.com\/fr2\/wp-content\/uploads\/sites\/7\/2026\/03\/E20-2-768x512.png 768w, https:\/\/tenerifetrip.com\/fr2\/wp-content\/uploads\/sites\/7\/2026\/03\/E20-2-272x182.png 272w, https:\/\/tenerifetrip.com\/fr2\/wp-content\/uploads\/sites\/7\/2026\/03\/E20-2.png 1536w\" sizes=\"(max-width: 300px) 100vw, 300px\" \/>\t\t\t\t\t\t\t\t\t\t\t\t\t\t\t<\/div>\n\t\t\t\t<\/div>\n\t\t\t\t\t<\/div>\n\t\t<\/div>\n\t\t\t\t\t<\/div>\n\t\t<\/section>\n\t\t\t\t<section class=\"elementor-section elementor-top-section elementor-element elementor-element-dde867c elementor-section-boxed elementor-section-height-default elementor-section-height-default\" data-id=\"dde867c\" data-element_type=\"section\" data-e-type=\"section\">\n\t\t\t\t\t\t<div class=\"elementor-container elementor-column-gap-default\">\n\t\t\t\t\t<div class=\"elementor-column elementor-col-50 elementor-top-column elementor-element elementor-element-b2856b7\" data-id=\"b2856b7\" data-element_type=\"column\" data-e-type=\"column\">\n\t\t\t<div class=\"elementor-widget-wrap elementor-element-populated\">\n\t\t\t\t\t\t<div class=\"elementor-element elementor-element-6d7162d elementor-widget elementor-widget-text-editor\" data-id=\"6d7162d\" data-element_type=\"widget\" data-e-type=\"widget\" data-widget_type=\"text-editor.default\">\n\t\t\t\t<div class=\"elementor-widget-container\">\n\t\t\t\t\t\t\t\t\t<p><span style=\"font-size: 14px;\">(Disponible pour des r\u00e9servations de plus de 3 semaines.Dans l&rsquo;appartement vous avez le salon avec cuisine ouverte, deux c<b>hambres et 2deux salles de bain compl\u00e8tes.<\/b><\/span><\/p>\n<p><span style=\"font-size: 14px; color: var( --e-global-color-text ); letter-spacing: 0px;\">Le salon se compose d&rsquo;un grand canap\u00e9, <b>TV avec toutes les cha\u00eenes europ\u00e9ennes (\u00e9galement toutes les cha\u00eenes belges)<\/b>, tables basses et d&rsquo;appoint, lampe d\u00e9corative, etc.<\/span><\/p>\n<p><span style=\"font-size: 14px; color: var( --e-global-color-text ); letter-spacing: 0px;\"><b>La cuisine dispose d&rsquo;\u00e9quipements modernes :<\/b><\/span><\/p>\n<p><span style=\"font-size: 14px; color: var( --e-global-color-text ); letter-spacing: 0px;\">plaque induction, lave-vaisselle, r\u00e9frig\u00e9rateur, cong\u00e9lateur, four, micro-ondes, cafeti\u00e8re (Nesspresso), bouilloire et ustensiles de cuisine neufs&#8230;<\/span><\/p>\n<p><span style=\"font-size: 14px; color: var( --e-global-color-text ); letter-spacing: 0px;\"><b>Dans la premi\u00e8re salle<\/b> de bain en marbre se trouve une baignoire baln\u00e9o avec douche, WC, miroir, meuble de salle de bain.<\/span><\/p>\n<p><span style=\"font-size: 14px; color: var( --e-global-color-text ); letter-spacing: 0px;\"><b>Dans la deuxi\u00e8me salle de bain <\/b>en marbre il y a une cabine de douche, des toilettes, un miroir, des meubles de salle de bain et un lave-linge. (<\/span><span style=\"font-size: 14px; letter-spacing: 0px;\">Disponible pour des r\u00e9servations de plus de 3 semaines.)<\/span><\/p>\n<p><span style=\"font-size: 14px; color: var( --e-global-color-text ); letter-spacing: 0px;\">Un \u00e9tendoir, une planche \u00e0 repasser, des fers et des produits d&rsquo;entretien sont \u00e0 votre disposition.<\/span><\/p>\n<p><span style=\"font-size: 14px; color: var( --e-global-color-text ); letter-spacing: 0px;\">Bien s\u00fbr, il existe une connexion <b>Wi-Fi illimit\u00e9e<\/b>.<\/span><\/p>\t\t\t\t\t\t\t\t<\/div>\n\t\t\t\t<\/div>\n\t\t\t\t\t<\/div>\n\t\t<\/div>\n\t\t\t\t<div class=\"elementor-column elementor-col-50 elementor-top-column elementor-element elementor-element-b7378fb\" data-id=\"b7378fb\" data-element_type=\"column\" data-e-type=\"column\">\n\t\t\t<div class=\"elementor-widget-wrap elementor-element-populated\">\n\t\t\t\t\t\t<div class=\"elementor-element elementor-element-c14f4a3 elementor-widget elementor-widget-image\" data-id=\"c14f4a3\" data-element_type=\"widget\" data-e-type=\"widget\" data-widget_type=\"image.default\">\n\t\t\t\t<div class=\"elementor-widget-container\">\n\t\t\t\t\t\t\t\t\t\t\t\t\t\t\t<img decoding=\"async\" width=\"300\" height=\"200\" src=\"https:\/\/tenerifetrip.com\/fr2\/wp-content\/uploads\/sites\/7\/2026\/03\/E20-7-300x200.png\" class=\"attachment-medium size-medium wp-image-601\" alt=\"\" srcset=\"https:\/\/tenerifetrip.com\/fr2\/wp-content\/uploads\/sites\/7\/2026\/03\/E20-7-300x200.png 300w, https:\/\/tenerifetrip.com\/fr2\/wp-content\/uploads\/sites\/7\/2026\/03\/E20-7-1024x683.png 1024w, https:\/\/tenerifetrip.com\/fr2\/wp-content\/uploads\/sites\/7\/2026\/03\/E20-7-768x512.png 768w, https:\/\/tenerifetrip.com\/fr2\/wp-content\/uploads\/sites\/7\/2026\/03\/E20-7-272x182.png 272w, https:\/\/tenerifetrip.com\/fr2\/wp-content\/uploads\/sites\/7\/2026\/03\/E20-7.png 1536w\" sizes=\"(max-width: 300px) 100vw, 300px\" \/>\t\t\t\t\t\t\t\t\t\t\t\t\t\t\t<\/div>\n\t\t\t\t<\/div>\n\t\t\t\t<div class=\"elementor-element elementor-element-9ce7cdc elementor-widget elementor-widget-image\" data-id=\"9ce7cdc\" data-element_type=\"widget\" data-e-type=\"widget\" data-widget_type=\"image.default\">\n\t\t\t\t<div class=\"elementor-widget-container\">\n\t\t\t\t\t\t\t\t\t\t\t\t\t\t\t<img loading=\"lazy\" decoding=\"async\" width=\"300\" height=\"200\" src=\"https:\/\/tenerifetrip.com\/fr2\/wp-content\/uploads\/sites\/7\/2026\/03\/E20-5-300x200.png\" class=\"attachment-medium size-medium wp-image-599\" alt=\"\" srcset=\"https:\/\/tenerifetrip.com\/fr2\/wp-content\/uploads\/sites\/7\/2026\/03\/E20-5-300x200.png 300w, https:\/\/tenerifetrip.com\/fr2\/wp-content\/uploads\/sites\/7\/2026\/03\/E20-5-1024x683.png 1024w, https:\/\/tenerifetrip.com\/fr2\/wp-content\/uploads\/sites\/7\/2026\/03\/E20-5-768x512.png 768w, https:\/\/tenerifetrip.com\/fr2\/wp-content\/uploads\/sites\/7\/2026\/03\/E20-5-272x182.png 272w, https:\/\/tenerifetrip.com\/fr2\/wp-content\/uploads\/sites\/7\/2026\/03\/E20-5.png 1536w\" sizes=\"(max-width: 300px) 100vw, 300px\" \/>\t\t\t\t\t\t\t\t\t\t\t\t\t\t\t<\/div>\n\t\t\t\t<\/div>\n\t\t\t\t\t<\/div>\n\t\t<\/div>\n\t\t\t\t\t<\/div>\n\t\t<\/section>\n\t\t\t\t<section class=\"elementor-section elementor-top-section elementor-element elementor-element-ecb9fe1 elementor-section-boxed elementor-section-height-default elementor-section-height-default\" data-id=\"ecb9fe1\" data-element_type=\"section\" data-e-type=\"section\">\n\t\t\t\t\t\t<div class=\"elementor-container elementor-column-gap-default\">\n\t\t\t\t\t<div class=\"elementor-column elementor-col-100 elementor-top-column elementor-element elementor-element-513cb45\" data-id=\"513cb45\" data-element_type=\"column\" data-e-type=\"column\">\n\t\t\t<div class=\"elementor-widget-wrap\">\n\t\t\t\t\t\t\t<\/div>\n\t\t<\/div>\n\t\t\t\t\t<\/div>\n\t\t<\/section>\n\t\t\t\t<section class=\"elementor-section elementor-top-section elementor-element elementor-element-be103e0 elementor-section-boxed elementor-section-height-default elementor-section-height-default\" data-id=\"be103e0\" data-element_type=\"section\" data-e-type=\"section\">\n\t\t\t\t\t\t<div class=\"elementor-container elementor-column-gap-default\">\n\t\t\t\t\t<div class=\"elementor-column elementor-col-100 elementor-top-column elementor-element elementor-element-ec5ada0\" data-id=\"ec5ada0\" data-element_type=\"column\" data-e-type=\"column\">\n\t\t\t<div class=\"elementor-widget-wrap elementor-element-populated\">\n\t\t\t\t\t\t<div class=\"elementor-element elementor-element-36301cc elementor-widget elementor-widget-button\" data-id=\"36301cc\" data-element_type=\"widget\" data-e-type=\"widget\" data-widget_type=\"button.default\">\n\t\t\t\t<div class=\"elementor-widget-container\">\n\t\t\t\t\t\t\t\t\t<div class=\"elementor-button-wrapper\">\n\t\t\t\t\t<a class=\"elementor-button elementor-button-link elementor-size-md\" href=\"https:\/\/tenerifetrip.com\/fr2\/contact\">\n\t\t\t\t\t\t<span class=\"elementor-button-content-wrapper\">\n\t\t\t\t\t\t<span class=\"elementor-button-icon\">\n\t\t\t\t<i aria-hidden=\"true\" class=\"far fa-envelope\"><\/i>\t\t\t<\/span>\n\t\t\t\t\t\t\t\t\t<span class=\"elementor-button-text\">Contacter nous<\/span>\n\t\t\t\t\t<\/span>\n\t\t\t\t\t<\/a>\n\t\t\t\t<\/div>\n\t\t\t\t\t\t\t\t<\/div>\n\t\t\t\t<\/div>\n\t\t\t\t\t<\/div>\n\t\t<\/div>\n\t\t\t\t\t<\/div>\n\t\t<\/section>\n\t\t\t\t<\/div>\n\t\t","protected":false},"excerpt":{"rendered":"<p>https:\/\/tenerifetrip.com\/fr2\/wp-content\/uploads\/sites\/7\/2026\/04\/Palm-Mar-Paraiso-1.mp4 L&rsquo;appartement est situ\u00e9 dans le complexe Paraiso del Palm Mar au milieu d&rsquo;une oasis de jardins subtropicaux et de belles piscines.Les espaces de vie a\u00e9r\u00e9s et ensoleill\u00e9s sont d\u00e9cor\u00e9s avec des couleurs basiques douces et des touches contemporaines, vous pouvez profiter d&rsquo;un design intemporel L&rsquo;appartement est tr\u00e8s confortable avec toutes les commodit\u00e9s modernes, climatisation <a class=\"read-more\" href=\"https:\/\/tenerifetrip.com\/fr2\/\">READ MORE<\/a><\/p>\n","protected":false},"author":1,"featured_media":0,"parent":0,"menu_order":0,"comment_status":"closed","ping_status":"closed","template":"","meta":{"footnotes":""},"class_list":["post-148","page","type-page","status-publish","hentry"],"_links":{"self":[{"href":"https:\/\/tenerifetrip.com\/fr2\/wp-json\/wp\/v2\/pages\/148","targetHints":{"allow":["GET"]}}],"collection":[{"href":"https:\/\/tenerifetrip.com\/fr2\/wp-json\/wp\/v2\/pages"}],"about":[{"href":"https:\/\/tenerifetrip.com\/fr2\/wp-json\/wp\/v2\/types\/page"}],"author":[{"embeddable":true,"href":"https:\/\/tenerifetrip.com\/fr2\/wp-json\/wp\/v2\/users\/1"}],"replies":[{"embeddable":true,"href":"https:\/\/tenerifetrip.com\/fr2\/wp-json\/wp\/v2\/comments?post=148"}],"version-history":[{"count":102,"href":"https:\/\/tenerifetrip.com\/fr2\/wp-json\/wp\/v2\/pages\/148\/revisions"}],"predecessor-version":[{"id":675,"href":"https:\/\/tenerifetrip.com\/fr2\/wp-json\/wp\/v2\/pages\/148\/revisions\/675"}],"wp:attachment":[{"href":"https:\/\/tenerifetrip.com\/fr2\/wp-json\/wp\/v2\/media?parent=148"}],"curies":[{"name":"wp","href":"https:\/\/api.w.org\/{rel}","templated":true}]}}