{"id":6,"date":"2021-02-26T14:17:07","date_gmt":"2021-02-26T14:17:07","guid":{"rendered":"https:\/\/tenerifetrip.com\/fr2\/?page_id=6"},"modified":"2026-03-09T15:52:08","modified_gmt":"2026-03-09T14:52:08","slug":"about","status":"publish","type":"page","link":"https:\/\/tenerifetrip.com\/fr2\/about\/","title":{"rendered":"Palm Mar"},"content":{"rendered":"\t\t<div data-elementor-type=\"wp-page\" data-elementor-id=\"6\" class=\"elementor elementor-6\">\n\t\t\t\t\t\t<section class=\"elementor-section elementor-top-section elementor-element elementor-element-62843de elementor-section-boxed elementor-section-height-default elementor-section-height-default\" data-id=\"62843de\" data-element_type=\"section\" data-e-type=\"section\">\n\t\t\t\t\t\t<div class=\"elementor-container elementor-column-gap-default\">\n\t\t\t\t\t<div class=\"elementor-column elementor-col-50 elementor-top-column elementor-element elementor-element-6074de2\" data-id=\"6074de2\" data-element_type=\"column\" data-e-type=\"column\">\n\t\t\t<div class=\"elementor-widget-wrap elementor-element-populated\">\n\t\t\t\t\t\t<div class=\"elementor-element elementor-element-2a45fb5 elementor-widget elementor-widget-text-editor\" data-id=\"2a45fb5\" data-element_type=\"widget\" data-e-type=\"widget\" data-widget_type=\"text-editor.default\">\n\t\t\t\t<div class=\"elementor-widget-container\">\n\t\t\t\t\t\t\t\t\t<p>Jusqu&rsquo;\u00e0 la fin des ann\u00e9es 1970, Palm-Mar, \u00e9galement appel\u00e9 El Palm-Mar, \u00e9tait un petit village au pied du Montana de Guaza. L&rsquo;eau et l&rsquo;\u00e9lectricit\u00e9 n&rsquo;\u00e9taient pas \u00e9videntes. Il y a \u00e0 peine 10 ans, le grand revirement a eu lieu pour Palm-Mar.<\/p><p>Palm Mar b\u00e9n\u00e9ficie d&rsquo;un climat tr\u00e8s favorable avec beaucoup de soleil dans le sud de l&rsquo;\u00eele. C&rsquo;est surtout tr\u00e8s calme car il n&rsquo;y a pas de trafic de transit. Sur la promenade de Palm-Mar, vous avez la mer avec vue sur le port de Los Christianos.<\/p><p>Il offre des possibilit\u00e9s pour diff\u00e9rents types de vacances: randonn\u00e9e, VTT, natation, surf, planche \u00e0 voile, plong\u00e9e, golf, &#8230;. Dans les environs imm\u00e9diats de l&rsquo;appartement se trouvent de bons restaurants et bars, des grands magasins, un cabinet m\u00e9dical et une banque.<\/p><p><strong>R\u00e9serve naturelle:<\/strong><\/p><p>\u00c0 l&rsquo;est de Palm-Mar se trouve la magnifique r\u00e9serve naturelle Malpais de la Rasca, avec son paysage volcanique. Id\u00e9al pour les promenades vers le phare, o\u00f9 vous pourrez profiter d&rsquo;une belle vue.<\/p>\t\t\t\t\t\t\t\t<\/div>\n\t\t\t\t<\/div>\n\t\t\t\t\t<\/div>\n\t\t<\/div>\n\t\t\t\t<div class=\"elementor-column elementor-col-50 elementor-top-column elementor-element elementor-element-e06989c\" data-id=\"e06989c\" data-element_type=\"column\" data-e-type=\"column\">\n\t\t\t<div class=\"elementor-widget-wrap elementor-element-populated\">\n\t\t\t\t\t\t<div class=\"elementor-element elementor-element-756245f elementor-widget elementor-widget-image\" data-id=\"756245f\" data-element_type=\"widget\" data-e-type=\"widget\" data-widget_type=\"image.default\">\n\t\t\t\t<div class=\"elementor-widget-container\">\n\t\t\t\t\t\t\t\t\t\t\t\t\t\t\t<img fetchpriority=\"high\" decoding=\"async\" width=\"300\" height=\"225\" src=\"https:\/\/tenerifetrip.com\/fr2\/wp-content\/uploads\/sites\/7\/2021\/03\/Palm-Mar-map-300x225.gif\" class=\"attachment-medium size-medium wp-image-300\" alt=\"\" \/>\t\t\t\t\t\t\t\t\t\t\t\t\t\t\t<\/div>\n\t\t\t\t<\/div>\n\t\t\t\t<div class=\"elementor-element elementor-element-e82fcc4 elementor-widget elementor-widget-image\" data-id=\"e82fcc4\" data-element_type=\"widget\" data-e-type=\"widget\" data-widget_type=\"image.default\">\n\t\t\t\t<div class=\"elementor-widget-container\">\n\t\t\t\t\t\t\t\t\t\t\t\t\t\t\t<img decoding=\"async\" width=\"256\" height=\"192\" src=\"https:\/\/tenerifetrip.com\/fr2\/wp-content\/uploads\/sites\/7\/2021\/03\/ligging_pal_mar.jpg\" class=\"attachment-large size-large wp-image-275\" alt=\"\" \/>\t\t\t\t\t\t\t\t\t\t\t\t\t\t\t<\/div>\n\t\t\t\t<\/div>\n\t\t\t\t\t<\/div>\n\t\t<\/div>\n\t\t\t\t\t<\/div>\n\t\t<\/section>\n\t\t\t\t<section class=\"elementor-section elementor-top-section elementor-element elementor-element-9e9be8f elementor-section-boxed elementor-section-height-default elementor-section-height-default\" data-id=\"9e9be8f\" data-element_type=\"section\" data-e-type=\"section\">\n\t\t\t\t\t\t<div class=\"elementor-container elementor-column-gap-default\">\n\t\t\t\t\t<div class=\"elementor-column elementor-col-33 elementor-top-column elementor-element elementor-element-c2dc854\" data-id=\"c2dc854\" data-element_type=\"column\" data-e-type=\"column\">\n\t\t\t<div class=\"elementor-widget-wrap elementor-element-populated\">\n\t\t\t\t\t\t<div class=\"elementor-element elementor-element-4653243 elementor-widget elementor-widget-image\" data-id=\"4653243\" data-element_type=\"widget\" data-e-type=\"widget\" data-widget_type=\"image.default\">\n\t\t\t\t<div class=\"elementor-widget-container\">\n\t\t\t\t\t\t\t\t\t\t\t\t\t\t\t<img decoding=\"async\" src=\"https:\/\/tenerifetrip.com\/fr2\/wp-content\/uploads\/2021\/03\/20210204_101214701_iOS-scaled.jpg\" title=\"\" alt=\"\" loading=\"lazy\" \/>\t\t\t\t\t\t\t\t\t\t\t\t\t\t\t<\/div>\n\t\t\t\t<\/div>\n\t\t\t\t\t<\/div>\n\t\t<\/div>\n\t\t\t\t<div class=\"elementor-column elementor-col-33 elementor-top-column elementor-element elementor-element-4554ea3\" data-id=\"4554ea3\" data-element_type=\"column\" data-e-type=\"column\">\n\t\t\t<div class=\"elementor-widget-wrap elementor-element-populated\">\n\t\t\t\t\t\t<div class=\"elementor-element elementor-element-e6a5143 elementor-widget elementor-widget-image\" data-id=\"e6a5143\" data-element_type=\"widget\" data-e-type=\"widget\" data-widget_type=\"image.default\">\n\t\t\t\t<div class=\"elementor-widget-container\">\n\t\t\t\t\t\t\t\t\t\t\t\t\t\t\t<img decoding=\"async\" width=\"1024\" height=\"777\" src=\"https:\/\/tenerifetrip.com\/fr2\/wp-content\/uploads\/sites\/7\/2021\/03\/20210204_101317452_iOS-1024x777.jpg\" class=\"attachment-large size-large wp-image-220\" alt=\"La Rasca\" srcset=\"https:\/\/tenerifetrip.com\/fr2\/wp-content\/uploads\/sites\/7\/2021\/03\/20210204_101317452_iOS-1024x777.jpg 1024w, https:\/\/tenerifetrip.com\/fr2\/wp-content\/uploads\/sites\/7\/2021\/03\/20210204_101317452_iOS-300x228.jpg 300w, https:\/\/tenerifetrip.com\/fr2\/wp-content\/uploads\/sites\/7\/2021\/03\/20210204_101317452_iOS-768x582.jpg 768w, https:\/\/tenerifetrip.com\/fr2\/wp-content\/uploads\/sites\/7\/2021\/03\/20210204_101317452_iOS-1536x1165.jpg 1536w, https:\/\/tenerifetrip.com\/fr2\/wp-content\/uploads\/sites\/7\/2021\/03\/20210204_101317452_iOS-2048x1553.jpg 2048w\" sizes=\"(max-width: 1024px) 100vw, 1024px\" \/>\t\t\t\t\t\t\t\t\t\t\t\t\t\t\t<\/div>\n\t\t\t\t<\/div>\n\t\t\t\t\t<\/div>\n\t\t<\/div>\n\t\t\t\t<div class=\"elementor-column elementor-col-33 elementor-top-column elementor-element elementor-element-198be53\" data-id=\"198be53\" data-element_type=\"column\" data-e-type=\"column\">\n\t\t\t<div class=\"elementor-widget-wrap elementor-element-populated\">\n\t\t\t\t\t\t<div class=\"elementor-element elementor-element-d7b1e7a elementor-widget elementor-widget-image\" data-id=\"d7b1e7a\" data-element_type=\"widget\" data-e-type=\"widget\" data-widget_type=\"image.default\">\n\t\t\t\t<div class=\"elementor-widget-container\">\n\t\t\t\t\t\t\t\t\t\t\t\t\t\t\t<img loading=\"lazy\" decoding=\"async\" width=\"1024\" height=\"777\" src=\"https:\/\/tenerifetrip.com\/fr2\/wp-content\/uploads\/sites\/7\/2021\/03\/20210204_101431548_iOS-1024x777.jpg\" class=\"attachment-large size-large wp-image-221\" alt=\"La Rasca\" srcset=\"https:\/\/tenerifetrip.com\/fr2\/wp-content\/uploads\/sites\/7\/2021\/03\/20210204_101431548_iOS-1024x777.jpg 1024w, https:\/\/tenerifetrip.com\/fr2\/wp-content\/uploads\/sites\/7\/2021\/03\/20210204_101431548_iOS-300x228.jpg 300w, https:\/\/tenerifetrip.com\/fr2\/wp-content\/uploads\/sites\/7\/2021\/03\/20210204_101431548_iOS-768x582.jpg 768w, https:\/\/tenerifetrip.com\/fr2\/wp-content\/uploads\/sites\/7\/2021\/03\/20210204_101431548_iOS-1536x1165.jpg 1536w, https:\/\/tenerifetrip.com\/fr2\/wp-content\/uploads\/sites\/7\/2021\/03\/20210204_101431548_iOS-2048x1553.jpg 2048w\" sizes=\"(max-width: 1024px) 100vw, 1024px\" \/>\t\t\t\t\t\t\t\t\t\t\t\t\t\t\t<\/div>\n\t\t\t\t<\/div>\n\t\t\t\t\t<\/div>\n\t\t<\/div>\n\t\t\t\t\t<\/div>\n\t\t<\/section>\n\t\t\t\t<\/div>\n\t\t","protected":false},"excerpt":{"rendered":"<p>Jusqu&rsquo;\u00e0 la fin des ann\u00e9es 1970, Palm-Mar, \u00e9galement appel\u00e9 El Palm-Mar, \u00e9tait un petit village au pied du Montana de Guaza. L&rsquo;eau et l&rsquo;\u00e9lectricit\u00e9 n&rsquo;\u00e9taient pas \u00e9videntes. Il y a \u00e0 peine 10 ans, le grand revirement a eu lieu pour Palm-Mar. Palm Mar b\u00e9n\u00e9ficie d&rsquo;un climat tr\u00e8s favorable avec beaucoup de soleil dans le <a class=\"read-more\" href=\"https:\/\/tenerifetrip.com\/fr2\/about\/\">READ MORE<\/a><\/p>\n","protected":false},"author":1,"featured_media":0,"parent":0,"menu_order":0,"comment_status":"closed","ping_status":"closed","template":"","meta":{"footnotes":""},"class_list":["post-6","page","type-page","status-publish","hentry"],"_links":{"self":[{"href":"https:\/\/tenerifetrip.com\/fr2\/wp-json\/wp\/v2\/pages\/6","targetHints":{"allow":["GET"]}}],"collection":[{"href":"https:\/\/tenerifetrip.com\/fr2\/wp-json\/wp\/v2\/pages"}],"about":[{"href":"https:\/\/tenerifetrip.com\/fr2\/wp-json\/wp\/v2\/types\/page"}],"author":[{"embeddable":true,"href":"https:\/\/tenerifetrip.com\/fr2\/wp-json\/wp\/v2\/users\/1"}],"replies":[{"embeddable":true,"href":"https:\/\/tenerifetrip.com\/fr2\/wp-json\/wp\/v2\/comments?post=6"}],"version-history":[{"count":27,"href":"https:\/\/tenerifetrip.com\/fr2\/wp-json\/wp\/v2\/pages\/6\/revisions"}],"predecessor-version":[{"id":626,"href":"https:\/\/tenerifetrip.com\/fr2\/wp-json\/wp\/v2\/pages\/6\/revisions\/626"}],"wp:attachment":[{"href":"https:\/\/tenerifetrip.com\/fr2\/wp-json\/wp\/v2\/media?parent=6"}],"curies":[{"name":"wp","href":"https:\/\/api.w.org\/{rel}","templated":true}]}}